 - 65?
-36
Calculate 38 + -1 - (76 - (-74 + 135)).
22
Calculate 1 + 0 + (1 - 1) + (-4606 - -4606).
1
Calculate 1008 + -1019 - (11 + -9 - (1 - -11)).
-1
Evaluate 14 + ((19 - 5) + (-25 - -16) - 5).
14
3 + -23 - (1 - (-18 - 81))
-120
What is 3 + 102 + -8 + -5 + 33 + -19 + 11?
117
(9 - 24) + -5 - (-47 - 12)
39
3 + (-14 + 37 + -38 - -11) + 103
102
What is the value of -2 + -31 - (6 - 9) - -25?
-5
What is the value of 2994 + -2988 - (-85 - 4 - -5 - -2)?
88
Evaluate 0 + -18 + 59 + -9 + -2.
30
Evaluate (5 - 0) + -6156 + 6131.
-20
Calculate -27 + (-1 - -1) + -56 + 45 + -19.
-57
-47 + 37 + 0 + (0 + 3 + 0 - 4)
-11
Calculate (-17 - (2 + -2)) + (-11 - (-43 - (-48 - -21))).
-12
Evaluate ((-1 - -2) + -4 + 2 - (331 + -303)) + 2.
-27
Calculate -23 + ((-4 - -17) + -1 - (-26 + 49 - 16)).
-18
Calculate 0 + 11 - (19 + (-3 - 22) - (0 + 3)).
20
(-22 - (-69 - (-20 + 16))) + 4
47
28 + (0 - 9) + 25
44
Evaluate (8 + -41 - -18) + (1 - -15) + 3 + -11.
-7
44 + 8 + -108 + 42 + -10 + (0 - 1)
-25
What is 1 + (-12 - ((6 - -2) + -10)) + 55 + 4?
50
What is the value of (54 - 114 - -36) + 0 + 51?
27
Evaluate 3100 - 3048 - (70 + 0) - (-10 - -1).
-9
Calculate (68 - 1) + 1734 + -1758.
43
Calculate 45 + (-27 + 62 - 164).
-84
Evaluate (-146 - -120) + -7 - 33.
-66
Calculate 63 + 12 + (-14 - -30) + -30.
61
5 - (27 + -45 - (-3 + (-9 - -1)))
12
What is 440 + -477 + (5 - -47) - ((17 - 0) + -2)?
0
What is the value of (-16 - -4) + 5 - (1 + 0 - 40)?
32
Calculate (-6 - 11) + 32 + 19 + -28.
6
Evaluate -12058 - -11967 - (0 + (5 + (-1 - -2) - 0)).
-97
What is the value of -16 + -5 + -689 + 723?
13
Calculate 1 + (-6 - 29) + (-20 - -26 - (8 + -6)).
-30
Calculate -32 + 0 - ((266 - 212) + -176).
90
Calculate (-4839 - -4881 - (1 + 0 + 10)) + -8.
23
What is the value of (-106 - -2) + 6867 + -6829?
-66
Calculate 15 - (1 + (-6 - (15 - 36 - -14)) - 123).
136
-118 + -91 + 85 - (-4 + (-5 - 3))
-112
What is (6 - (0 + 10)) + (2 - -5) - (69 + -23)?
-43
-95 + 6 + -6 + 16 + 5
-74
What is (-13 - (10 + -2 + 4 + -10 - 10)) + 43?
38
Evaluate -12 + 9 + (6 - (-14 + -13)) + -5.
25
Calculate (-11 - 35) + -6 + 7 + -8.
-53
What is the value of (7 - 41) + -10 - -42?
-2
What is the value of (5 - -2) + -39 + (-14 - (-17 - -19))?
-48
Calculate (-12 - ((-23 - (6 - 6)) + 3)) + 3 + 13.
24
What is 109 + (-34 + -12 + 7 + 16 - -40)?
126
What is -16 - (1 + (-8 - 7) + (-31 - -12))?
17
6 + (1 - (3 + 0)) + -7 + 20 + 10
27
What is the value of 59 + (-19 + -53 - -45)?
32
Evaluate -89 + (99 - 1 - 33).
-24
Calculate -29 + 4 - (52 + 20 + -137).
40
Evaluate (1 + 7 + -9 + -11 - -4) + (1 - -66).
59
What is the value of 24 + 85 - (-1 - -59)?
51
What is the value of -14 + (-55 - -112) + 8?
51
(196 - (201 + -8)) + 51 + 2
56
What is 6 + 4 + -3 + -3 + (95 - 33 - 55)?
11
39 - (-15 + -4 - (23 + -38))
43
What is the value of -441 + 437 - (2 + (-5 - -7) + (-6 - 1))?
-1
What is the value of 73 + (644 + -646 - (14 - 0))?
57
Evaluate 2460 + -2446 - (-2 - 31).
47
What is 37 - -1 - (3574 - 3672)?
136
What is 9 + (-4 - (17 + -10 + (37 - 29)))?
-10
2 + 10 - (3 - -15 - 4)
-2
Evaluate 5 + -49 + (29 - 64) + 89.
10
What is 9 + (-25 + 5 - -6) + (-32 - 1) - 7?
-45
What is (8 - (-5 - 3 - -12 - -51)) + 0?
-47
-78 - (-4 + 3) - (-35 - (-12 + (26 - 37)))
-65
What is -6 + (-5 - (-22 - -15) - -6 - 26)?
-24
Calculate (2 - (20 + -10 + -9)) + -13 - -89.
77
(-17 + 9 - -7) + 81 - ((20 - 7) + -6)
73
What is -44 + 115 + -30 + -21 + 4?
24
Evaluate -64 + (7 - (-91 + 28)) + (2 - 1 - 4).
3
Calculate -16 - ((17 - 42) + (64 - 8)).
-47
Calculate ((112 - -20) + -11 - (0 - -3)) + -12 + -9.
97
What is -35 - 8 - (243 - 242)?
-44
What is -98 + 37 - -59 - (0 + -3 + 0 - -69)?
-68
Calculate (22 - (5 + 0)) + 5 + -16 + -6 + 10.
10
Calculate -63 - (34 + (-42 - 27)).
-28
Evaluate 2 + -1 + -68 + -4 + (-72 - -192 - 110).
-61
133 - (-16 - -29) - 41 - -1
80
What is the value of -4 + 111 - (-18 - (-42 - -46) - -1)?
128
What is -7 - ((17 - 23) + 50 + -19)?
-32
Calculate -35 + 54 + 3 + -43.
-21
Calculate -56 - ((2 - -2) + 455 + -461).
-54
What is the value of 1 - -59 - (-3 + -3 + (10 - 7) + 3)?
60
What is the value of 1 - 64 - (-1123 + 1116 - (1 - -2 - 4))?
-57
What is the value of 886 + -861 + 0 + -26?
-1
Calculate 17 + -29 + 2 - (29 - 3).
-36
What is 8 + 4 + -22 + 17 + -12?
-5
What is the value of 88 + -1 - 35 - -5?
57
What is -22 - (1 - 2) - ((-20 - 89) + 118)?
-30
What is the value of -2 - 50 - (2 - -17 - (-2 + -7 + 27))?
-53
What is the value of 11 + (10 - 43) + 26 - (3 + -37)?
38
Evaluate (-61 - -74) + -29 + -7 + 0.
-23
What is 9 - (0 - 1) - (366 - 342)?
-14
Evaluate 76 + -112 - ((-3 - 2) + (-1 - -1)).
-31
Calculate 75 + (-139 - -49 - -45).
30
Evaluate -43 + -16 + (4 - -60).
5
-16 - (-6 - 77 - -28) - 17
22
What is the value of (14 - (-14 - -11)) + (-3 - (2 - -7))?
5
Calculate -1 + -8 + (-7 + -1 - (-11 - (-10 - -39))).
23
0 + 12 - (-77 - (-27 + -61))
1
Evaluate 5 + -2 + -8 + 18 - (-998 - -958).
53
-29 + -12 + 22 + -8 + -23
-50
Calculate (2 + 0 - (3 - -11)) + -359 + 373.
2
What is -51 - (-1 - (-13 - (-2 - -7)) - 20)?
-48
What is the value of 16 + (97 - (35 + (-48 - -35)))?
91
-10 + (-42 + -1 - (7 + (-39 - -22))) + 2
-41
What is 30 + -20 - (-7 + 1 - -90 - 4) - 3?
-73
Evaluate 16 + -20 + 8 - (64 - (3 - 4)).
-61
Evaluate -14 + 2 + 34 + 142 + -153 + 142.
153
Calculate -8 + (5 + (-1 - 2) - (83 + -135)).
46
Evaluate -10 - (37 - 36 - (-51 - (4 - (-2 - -5)))).
-63
(-32 - (2 - (-11 - 69))) + 25
-89
(28 - 0) + 20 + -6 + (4 + 0 - -10)
56
Calculate -35 - (-112 - (-236 + 103)).
-56
Calculate (-3 - 0) + 3 - ((-55 - -119) + -28).
-36
What is 13 + -9 + -29 - -15 - (43 - (-1 + 1))?
-53
Calculate -75 - (199 - 183 - ((-1 - -37) + (-4 - 0))).
-59
Calculate -149 - (138 + -277) - -95.
85
6 - (23 - 26 - 28 - ((-3 - -5) + 7))
46
What is the value of -4082 + 4128 + -18 + 0?
28
What is -11 - (-12 + (47 - 43 - (-17 + -2)))?
-22
Calculate -5 - 29 - -2 - (1 + (0 - (12 + -2))).
-23
What is the value of (0 - -21) + 16 + 54 + -114 + -14?
-37
(-8 - 0) + 12 - (-1 + (3 - -1))
1
Evaluate ((70 - 78) + 28 + 1 - 22) + -1 + -55.
-57
Evaluate 22 - (-61 - (-37 + -3)).
43
Evaluate (-29 - -36) + (4 - -1 - ((-5 - 7) + 6)).
18
What is 46 - (16 + -26 + 17 - (-3 + (11 - -1)))?
48
Evaluate -890 - -876 - (-2 + -42).
30
What is the value of -4 + (-1 - -37) + -13 - (73 - 36)?
-18
(-8 - -8 - 1) + (4 - 12) - (51 + 2)
-62
What is -77 + (273 + 6 - 105)?
97
Evaluate (-8 + 11 + -53 - -13) + 2.
-35
Calculate -20 + 8 + 9 - -31 - 136.
-108
Evaluate 53 + -3 + (-109 - -195 - 105).
31
What is -9 + 26 + 71 - 43?
45
(-14 - -4 - -6 - -14) + (153 - 135)
28
What is the value of (50 - 52) + (-20 - -11) + -9?
-20
What is the value of 6 + (27 - -13) - 123?
-77
What is the value of -55 + (108 - -6) + -61?
-2
Calculate -38 - (-46 + 59 + -33).
-18
-37 + 39 + -29 + 85
58
What is -7 + (3 + 0 + (-34 - -40) - (-1 + 103))?
-100
-102 + 32 + 3 + 8 + (0 - -3 - -5)
-51
10 + (-1 + -4 + -5 + 8 - 5) + 9
12
Calculate -12 - (-56 + (-11 - -2) - -14).
39
What is -10 + -40 + 24 - -17?
-9
What is (1 - -7) + -12 + (17 - 15)?
-2
Evaluate (-95 + 78 + (0 - -9) - (-5 - -5)) + 8.
0
Evaluate -1 + 14 + (325 - 225) - (-2 + 12 - 1).
104
(-15 - -1 - (-103 - -88)) + -12
-11
Evaluate 24 + (-52 - -31) - 35 - (6 - 0) - -12.
-26
Evaluate 23 - 16 - 64 - (-35 - -11).
-33
Calculate (-34 + 17 - -18) + -6 + (-66 - (3 + -5)).
-69
What is 40 + (38 - 95 - -16)?
-1
Calculate (54 - 44 - (6 - -19)) + 22.
7
What is the value of -99 + -14 + (57 - -101)?
45
-63 + 74 + (-1 - 14) + 16
12
Calculate -465 + 329 - (-202 + 50).
16
Calculate -35 - (101 + -4 - 66).
-66
What is 6 + 24 + 8 + -1 + -8 + 9?
38
Evaluate 318 + -297 + -1 + -27 + -19.
-26
What is -203 - -177 - (8 - 33)?
-1
(-26 + 16 - 5) + 15 + -59
-59
What is -3 + (-38 - -59) - -10?
28
What is the value of (135 - (88 - -3)) + -43?
1
Evaluate -8 + (22 - ((-4 + (1 - 3) - -6) + 10)).
4
What is -30 + -46 + 34 + 81?
39
What is the value of (67 - 66) + (51 - (13 - -2))?
37
What is -117 + 76 + -127 + 62?
-106
What is (-119 + 30 + 47 - (-22 + 0)) + 40?
20
What is -17 + -2 - ((-5 - -24 - 141) + 37)?
66
(-2 - -1) + -14 - (13448 + -13488)
25
What is 66 + 1 + -3 + -12 + 49 + -41?
60
What is the value of -11 - (-92 + 59) - -34?
56
Evaluate 53 + (-9 - 11) + (-28 - 12).
-7
(-14 - (38 - 38) - 6) + -73
-93
11 + (1 + 4 - 4) - (-211 + 210)
13
What is 16 + -19 + 3 + -10 + 56?
46
Evalu